{"id":443,"date":"2026-01-16T15:14:27","date_gmt":"2026-01-16T15:14:27","guid":{"rendered":"https:\/\/dunjakostic.com\/?page_id=443"},"modified":"2026-01-17T13:11:51","modified_gmt":"2026-01-17T13:11:51","slug":"about","status":"publish","type":"page","link":"https:\/\/dunjakostic.com\/index.php\/about\/","title":{"rendered":"About"},"content":{"rendered":"\t\t<div data-elementor-type=\"wp-page\" data-elementor-id=\"443\" class=\"elementor elementor-443\">\n\t\t\t\t<div class=\"elementor-element elementor-element-6e7c392 e-flex e-con-boxed e-con e-parent\" data-id=\"6e7c392\" data-element_type=\"container\">\n\t\t\t\t\t<div class=\"e-con-inner\">\n\t\t\t\t\t<\/div>\n\t\t\t\t<\/div>\n\t\t<div class=\"elementor-element elementor-element-22bac65 e-flex e-con-boxed e-con e-parent\" data-id=\"22bac65\" data-element_type=\"container\">\n\t\t\t\t\t<div class=\"e-con-inner\">\n\t\t\t\t<div class=\"elementor-element elementor-element-0bc853f elementor-widget__width-initial elementor-absolute elementor-widget elementor-widget-heading\" data-id=\"0bc853f\" data-element_type=\"widget\" data-settings=\"{&quot;_position&quot;:&quot;absolute&quot;}\" data-widget_type=\"heading.default\">\n\t\t\t\t\t<h2 class=\"elementor-heading-title elementor-size-default\"><a href=\"https:\/\/dunjakostic.com\/\">DUNJA KOSTI\u0106<\/a><\/h2>\t\t\t\t<\/div>\n\t\t\t\t<div class=\"elementor-element elementor-element-5b767eb elementor-icon-list--layout-inline elementor-list-item-link-inline elementor-align-end elementor-mobile-align-end elementor-widget elementor-widget-icon-list\" data-id=\"5b767eb\" data-element_type=\"widget\" data-widget_type=\"icon-list.default\">\n\t\t\t\t\t\t\t<ul class=\"elementor-icon-list-items elementor-inline-items\">\n\t\t\t\t\t\t\t<li class=\"elementor-icon-list-item elementor-inline-item\">\n\t\t\t\t\t\t\t\t\t\t\t<a href=\"https:\/\/dunjakostic.com\/\">\n\n\t\t\t\t\t\t\t\t\t\t\t<span class=\"elementor-icon-list-text\">HOME<\/span>\n\t\t\t\t\t\t\t\t\t\t\t<\/a>\n\t\t\t\t\t\t\t\t\t<\/li>\n\t\t\t\t\t\t\t\t<li class=\"elementor-icon-list-item elementor-inline-item\">\n\t\t\t\t\t\t\t\t\t\t\t<a href=\"https:\/\/dunjakostic.com\/index.php\/work\/\">\n\n\t\t\t\t\t\t\t\t\t\t\t<span class=\"elementor-icon-list-text\">WORK<\/span>\n\t\t\t\t\t\t\t\t\t\t\t<\/a>\n\t\t\t\t\t\t\t\t\t<\/li>\n\t\t\t\t\t\t\t\t<li class=\"elementor-icon-list-item elementor-inline-item\">\n\t\t\t\t\t\t\t\t\t\t<span class=\"elementor-icon-list-text\">CONTACT<\/span>\n\t\t\t\t\t\t\t\t\t<\/li>\n\t\t\t\t\t\t<\/ul>\n\t\t\t\t\t\t<\/div>\n\t\t\t\t\t<\/div>\n\t\t\t\t<\/div>\n\t\t<div class=\"elementor-element elementor-element-6c05964 e-flex e-con-boxed e-con e-parent\" data-id=\"6c05964\" data-element_type=\"container\">\n\t\t\t\t\t<div class=\"e-con-inner\">\n\t\t\t\t<div class=\"elementor-element elementor-element-81724f2 elementor-widget elementor-widget-text-editor\" data-id=\"81724f2\" data-element_type=\"widget\" data-widget_type=\"text-editor.default\">\n\t\t\t\t\t\t\t\t\t<p>Dunja Kosti\u0107 is a scenographer based in Belgrade. She holds both Bachelor\u2019s and Master\u2019s degrees in Scenography from the Faculty of Applied Arts in Belgrade and began her Ph.D. studies in Drama at the Faculty of Philology, University of Belgrade, in 2018. Since 2015, she has been actively working as a scenographer, collaborating with leading theatres in Serbia and the region on numerous critically acclaimed and award-winning productions. A significant part of her professional career has been linked to the National Theatre in Belgrade.<\/p><p>Her selected theatre works include <em>At Dawn<\/em>, <em>Snow White and the Seven Dwarfs<\/em>, and <em>Orpheus and Eurydice<\/em> (National Theatre in Belgrade); <em>Travelling Troupe \u0160opalovi\u0107<\/em> (National Theatre in Ni\u0161); <em>Ubu Roi<\/em> (National Theatre in Pirot); <em>Tre Sorelle<\/em> (Music Centre Podgorica); and <em>Arabian Nights<\/em>, <em>The Badger on Trial<\/em>, and <em>Good Luck, Adi<\/em> (National Theatre of the Republic of Srpska).<\/p><p>Her work has received significant professional recognition. The staging concept for Benjamin Britten\u2019s opera <em>The Turn of the Screw<\/em> was shortlisted for the semi-finals of the European Opera-Directing Prize (EOP), ranking among the top ten selected projects. She also designed the scenography for the Opening Ceremony of the European Capital of Culture at the Serbian National Theatre.<\/p><p>In addition to theatre, Dunja works across various formats, designing scenography for video and event productions, as well as artistic and spatial installations.<\/p>\t\t\t\t\t\t\t\t<\/div>\n\t\t\t\t\t<\/div>\n\t\t\t\t<\/div>\n\t\t<div class=\"elementor-element elementor-element-47dda53 e-flex e-con-boxed e-con e-parent\" data-id=\"47dda53\" data-element_type=\"container\">\n\t\t\t\t\t<div class=\"e-con-inner\">\n\t\t\t\t<div class=\"elementor-element elementor-element-07f26d2 elementor-widget elementor-widget-text-editor\" data-id=\"07f26d2\" data-element_type=\"widget\" data-widget_type=\"text-editor.default\">\n\t\t\t\t\t\t\t\t\t<p>2024<\/p><p>&#8220;Dead Man&#8217;s Cell Phone&#8221;<\/p><p>Sarah Ruhl<\/p><p>National Theater &#8220;To\u0161a Jovanovi\u0107&#8221;<\/p><p>Director: Rastislav \u0106opi\u0107<\/p><p>Stage design: Dunja Kosti\u0107<\/p><p>Costume design: Ivana Risti\u0107<\/p><p>Music: Vladimir Pejkovi\u0107<\/p>\t\t\t\t\t\t\t\t<\/div>\n\t\t\t\t\t<\/div>\n\t\t\t\t<\/div>\n\t\t<div class=\"elementor-element elementor-element-a8aa164 e-flex e-con-boxed e-con e-parent\" data-id=\"a8aa164\" data-element_type=\"container\">\n\t\t\t\t\t<div class=\"e-con-inner\">\n\t\t\t\t<div class=\"elementor-element elementor-element-de195d2 elementor-widget elementor-widget-text-editor\" data-id=\"de195d2\" data-element_type=\"widget\" data-widget_type=\"text-editor.default\">\n\t\t\t\t\t\t\t\t\t<p>&#8220;Three psalms&#8221;<\/p><p>David Chesky<\/p><p>Rossi fest \/ Dor\u0107ol Platz<\/p><p>Director: Ana Grigorovi\u0107<\/p><p>Stage design: Dunja Kosti\u0107<\/p><p>Conductor: Radan Jovanovi\u0107<\/p>\t\t\t\t\t\t\t\t<\/div>\n\t\t\t\t\t<\/div>\n\t\t\t\t<\/div>\n\t\t<div class=\"elementor-element elementor-element-e8dee1e e-flex e-con-boxed e-con e-parent\" data-id=\"e8dee1e\" data-element_type=\"container\">\n\t\t\t\t\t<div class=\"e-con-inner\">\n\t\t\t\t<div class=\"elementor-element elementor-element-d1daf8f elementor-widget elementor-widget-text-editor\" data-id=\"d1daf8f\" data-element_type=\"widget\" data-widget_type=\"text-editor.default\">\n\t\t\t\t\t\t\t\t\t<p>2023<\/p><p>&#8220;Stones in His Pockets&#8221;<\/p><p>Marie Jones<\/p><p>National Theatre Kikinda Director: Rastislav \u0106opi\u0107<\/p><p>Stage and costume design: Dunja Kosti\u0107<\/p><p>Dramaturgy: Hristina Miti\u0107<\/p>\t\t\t\t\t\t\t\t<\/div>\n\t\t\t\t\t<\/div>\n\t\t\t\t<\/div>\n\t\t<div class=\"elementor-element elementor-element-1dab80a e-flex e-con-boxed e-con e-parent\" data-id=\"1dab80a\" data-element_type=\"container\">\n\t\t\t\t\t<div class=\"e-con-inner\">\n\t\t\t\t<div class=\"elementor-element elementor-element-46b552d elementor-widget elementor-widget-text-editor\" data-id=\"46b552d\" data-element_type=\"widget\" data-widget_type=\"text-editor.default\">\n\t\t\t\t\t\t\t\t\t<p>&#8220;Ester&#8221; Oratorio<\/p><p>Christiano Lidarti<\/p><p>National Theatre in Belgrade<\/p><p>Conductor: Stefan Zeki\u0107<\/p><p>Director: Ana Grigorovi\u0107<\/p><p>Stage: Dunja Kosti\u0107<\/p><p>Costumes: Sara Bradi\u0107<\/p>\t\t\t\t\t\t\t\t<\/div>\n\t\t\t\t\t<\/div>\n\t\t\t\t<\/div>\n\t\t<div class=\"elementor-element elementor-element-0601dd0 e-flex e-con-boxed e-con e-parent\" data-id=\"0601dd0\" data-element_type=\"container\">\n\t\t\t\t\t<div class=\"e-con-inner\">\n\t\t\t\t<div class=\"elementor-element elementor-element-79edaec elementor-widget elementor-widget-text-editor\" data-id=\"79edaec\" data-element_type=\"widget\" data-widget_type=\"text-editor.default\">\n\t\t\t\t\t\t\t\t\t<p>2022<\/p><p>&#8220;Il Tabarro&#8221; Giacomo Pucinni<\/p><p>OperaLab\/Club 20\/44<\/p><p>Director: Ana Grigorovi\u0107<\/p><p>Conductor: Stefan Zeki\u0107<\/p><p>Stage and costumes: Dunja Kosti\u0107<\/p>\t\t\t\t\t\t\t\t<\/div>\n\t\t\t\t\t<\/div>\n\t\t\t\t<\/div>\n\t\t<div class=\"elementor-element elementor-element-71a3b99 e-flex e-con-boxed e-con e-parent\" data-id=\"71a3b99\" data-element_type=\"container\">\n\t\t\t\t\t<div class=\"e-con-inner\">\n\t\t\t\t<div class=\"elementor-element elementor-element-192b8f6 elementor-widget elementor-widget-text-editor\" data-id=\"192b8f6\" data-element_type=\"widget\" data-widget_type=\"text-editor.default\">\n\t\t\t\t\t\t\t\t\t<p>&#8220;Snow White and the seven Dwarfs&#8221;<\/p><p>Dragan Karoli\u0107<\/p><p>National Theatre in Belgrade<\/p><p>Director: Ana Grigorovi\u0107<\/p><p>Conductor: Stefan Zeki\u0107<\/p><p>Stage design: Dunja Kosti\u0107<\/p><p>Costume design: Katarina Gr\u010di\u0107 Nikoli\u0107<\/p><p>Choreography: Tamara Antonijevi\u0107 Spasi\u0107<\/p>\t\t\t\t\t\t\t\t<\/div>\n\t\t\t\t\t<\/div>\n\t\t\t\t<\/div>\n\t\t<div class=\"elementor-element elementor-element-f3988e0 e-flex e-con-boxed e-con e-parent\" data-id=\"f3988e0\" data-element_type=\"container\">\n\t\t\t\t\t<div class=\"e-con-inner\">\n\t\t\t\t<div class=\"elementor-element elementor-element-89bb9b8 elementor-widget elementor-widget-text-editor\" data-id=\"89bb9b8\" data-element_type=\"widget\" data-widget_type=\"text-editor.default\">\n\t\t\t\t\t\t\t\t\t<p>&#8220;Tre Sorelle&#8221;<\/p><p>Musical Centre of Montenegro<\/p><p>Choreography: Aleksandar Ili\u0107<\/p><p>Director: Aleksandar Nikoli\u0107<\/p><p>Stage design: Dunja Kosti\u0107<\/p><p>Costume design: Senka Ranosavljevi\u0107<\/p><p>Music: Georg Dau\u0161nik<\/p><p>Light design: Vlado Marinkovski<\/p>\t\t\t\t\t\t\t\t<\/div>\n\t\t\t\t\t<\/div>\n\t\t\t\t<\/div>\n\t\t<div class=\"elementor-element elementor-element-f5d5494 e-flex e-con-boxed e-con e-parent\" data-id=\"f5d5494\" data-element_type=\"container\">\n\t\t\t\t\t<div class=\"e-con-inner\">\n\t\t\t\t<div class=\"elementor-element elementor-element-d07538b elementor-widget elementor-widget-text-editor\" data-id=\"d07538b\" data-element_type=\"widget\" data-widget_type=\"text-editor.default\">\n\t\t\t\t\t\t\t\t\t<p>&#8220;Ubu Roi&#8221;<\/p><p>Alfred Jarry<\/p><p>National Theatre Pirot<\/p><p>Director: Ana Grigorovi\u0107<\/p><p>Stage and costumes: Dunja Kosti\u0107<\/p><p>Music: Irena Popovi\u0107<\/p>\t\t\t\t\t\t\t\t<\/div>\n\t\t\t\t\t<\/div>\n\t\t\t\t<\/div>\n\t\t<div class=\"elementor-element elementor-element-68fcc61 e-flex e-con-boxed e-con e-parent\" data-id=\"68fcc61\" data-element_type=\"container\">\n\t\t\t\t\t<div class=\"e-con-inner\">\n\t\t\t\t<div class=\"elementor-element elementor-element-23dbad8 elementor-widget elementor-widget-text-editor\" data-id=\"23dbad8\" data-element_type=\"widget\" data-widget_type=\"text-editor.default\">\n\t\t\t\t\t\t\t\t\t<p>&#8220;Opening Ceremony of European Capital of Culture&#8221;<\/p><p>Serbian National Theatre<\/p><p>Director: Aleksandar Nikoli\u0107<\/p><p>Choreograhy: Aleksandar Ili\u0107<\/p><p>Stage design: Dunja Kosti\u0107<\/p><p>Costume design: Senka Ranosavljevi\u0107<\/p>\t\t\t\t\t\t\t\t<\/div>\n\t\t\t\t\t<\/div>\n\t\t\t\t<\/div>\n\t\t<div class=\"elementor-element elementor-element-3759233 e-flex e-con-boxed e-con e-parent\" data-id=\"3759233\" data-element_type=\"container\">\n\t\t\t\t\t<div class=\"e-con-inner\">\n\t\t\t\t<div class=\"elementor-element elementor-element-0bc3168 elementor-widget elementor-widget-text-editor\" data-id=\"0bc3168\" data-element_type=\"widget\" data-widget_type=\"text-editor.default\">\n\t\t\t\t\t\t\t\t\t<p>2021<\/p><p>&#8220;The Turn of the Screw&#8221;<\/p><p>Benjamin Britten<\/p><p>The Royal Danish Opera<\/p><p>Semi-finalists of the EOP<\/p><p>Director: Ana Grigorovi\u0107<\/p><p>Stage design: Dunja Kosti\u0107<\/p><p>Costume design: Selena Orb<\/p>\t\t\t\t\t\t\t\t<\/div>\n\t\t\t\t\t<\/div>\n\t\t\t\t<\/div>\n\t\t<div class=\"elementor-element elementor-element-1a84d75 e-flex e-con-boxed e-con e-parent\" data-id=\"1a84d75\" data-element_type=\"container\">\n\t\t\t\t\t<div class=\"e-con-inner\">\n\t\t\t\t<div class=\"elementor-element elementor-element-e8525da elementor-widget elementor-widget-text-editor\" data-id=\"e8525da\" data-element_type=\"widget\" data-widget_type=\"text-editor.default\">\n\t\t\t\t\t\t\t\t\t<p>&#8220;Orpheus and Eurydice&#8221; Christoph Willibald Gluck<\/p><p>National Theatre in Belgrade<\/p><p>Conductor: Dian Tchobanov\/Zorica Mitev Vojnovi\u0107<\/p><p>Director: Aleksandar Nikoli\u0107<\/p><p>Stage design: Dunja Kosti\u0107<\/p><p>Choreography: Aleksandar Ili\u0107<\/p><p>Costume design: Katarina Gr\u010di\u0107 Nikoli\u0107<\/p>\t\t\t\t\t\t\t\t<\/div>\n\t\t\t\t\t<\/div>\n\t\t\t\t<\/div>\n\t\t<div class=\"elementor-element elementor-element-b520b29 e-flex e-con-boxed e-con e-parent\" data-id=\"b520b29\" data-element_type=\"container\">\n\t\t\t\t\t<div class=\"e-con-inner\">\n\t\t\t\t<div class=\"elementor-element elementor-element-3281def elementor-widget elementor-widget-text-editor\" data-id=\"3281def\" data-element_type=\"widget\" data-widget_type=\"text-editor.default\">\n\t\t\t\t\t\t\t\t\t<p>2020 &#8220;Quartet for the End of Time&#8221;<\/p><p>Olivier Messiaen<\/p><p>National Theatre in Belgrade<\/p><p>Director: Ana Grigorovi\u0107<\/p><p>Stage design: Dunja Kosti\u0107<\/p><p>\u00a0<\/p><p>&#8220;The Tragedy of Carmen&#8221;<\/p><p>Georges Bizet, Peter Brook<\/p><p>National Theatre in Belgrade\/Dor\u0107ol Platz<\/p><p>Director: Ana Grigorovi\u0107<\/p><p>Conductor: Stefan Zeki\u0107<\/p><p>Stage design: Dunja Kosti\u0107<\/p><p>Costume design: Ivana Ivi\u0107<\/p><p>Stage movement: Tamara Pjevi\u0107<\/p><p>Video: Matija Novakovi\u0107<\/p><p>Light design: Vlado Marinkovski<\/p>\t\t\t\t\t\t\t\t<\/div>\n\t\t\t\t\t<\/div>\n\t\t\t\t<\/div>\n\t\t<div class=\"elementor-element elementor-element-81d6a44 e-flex e-con-boxed e-con e-parent\" data-id=\"81d6a44\" data-element_type=\"container\">\n\t\t\t\t\t<div class=\"e-con-inner\">\n\t\t\t\t<div class=\"elementor-element elementor-element-742db09 elementor-widget elementor-widget-text-editor\" data-id=\"742db09\" data-element_type=\"widget\" data-widget_type=\"text-editor.default\">\n\t\t\t\t\t\t\t\t\t<p>2019<\/p><p>&#8220;At Dawn&#8221;<\/p><p>Stanislav Bini\u010dki<\/p><p>National Theatre in Belgrade<\/p><p>Director: Ana Grigorovi\u0107<\/p><p>Conductor: Stefan Zeki\u0107<\/p><p>Stage design: Dunja Kosti\u0107<\/p><p>Costume design: Katarina Gr\u010di\u0107 Nikoli\u0107<\/p><p>Choreography: Milo\u0161 Kecman<\/p><p>Stage movement: Suzana Luki\u0107<\/p><p>\u00a0<\/p><p>&#8220;Salt on the wounds&#8221;<\/p><p>Tea Matanovi\u0107<\/p><p>Zvezdara Theater\/FIST<\/p><p>Director: Rastislav \u0106opi\u0107<\/p><p>Stage design: Dunja Kosti\u0107<\/p><p>Producer: Ikonija Jefti\u0107<\/p><p>\u00a0<\/p><p>&#8220;Travelling troupe \u0160opalovi\u0107&#8221;<\/p><p>Ljubomir Simovi\u0107<\/p><p>National Theatre in Ni\u0161<\/p><p>Director: Tatjana Mandi\u0107 Rigonat<\/p><p>Stage design: Dunja Kosti\u0107<\/p><p>Costume design: Stefan Savkovi\u0107<\/p><p>Music: Irena Popovi\u0107<\/p><p>Stage movement: Miodrag Kr\u010dmarik<\/p><p>\u00a0<\/p><p>&#8220;The Coronation of Poppaea&#8221;<\/p><p>Claudio Monteverdi<\/p><p>National Theatre in Belgrade<\/p><p>Director: Aleksandar Nikoli\u0107<\/p><p>Stage design: Dunja Kosti\u0107<\/p><p>Choreography: Aleksandar Ili\u0107<\/p>\t\t\t\t\t\t\t\t<\/div>\n\t\t\t\t\t<\/div>\n\t\t\t\t<\/div>\n\t\t<div class=\"elementor-element elementor-element-e5f283e e-flex e-con-boxed e-con e-parent\" data-id=\"e5f283e\" data-element_type=\"container\">\n\t\t\t\t\t<div class=\"e-con-inner\">\n\t\t\t\t<div class=\"elementor-element elementor-element-b84be06 elementor-widget elementor-widget-text-editor\" data-id=\"b84be06\" data-element_type=\"widget\" data-widget_type=\"text-editor.default\">\n\t\t\t\t\t\t\t\t\t<p>2018<\/p><p>&#8220;How Much Is Your Iron?&#8221;<\/p><p>Bertolt Brecht<\/p><p>Faculty of Dramatic Arts\/Atelje 212<\/p><p>Director: Rastislav \u0106opi\u0107<\/p><p>Stage design: Dunja Kosti\u0107<\/p><p>Dramaturgy: \u0110or\u0111e Kosi\u0107<\/p><p>Costume design: Sofija Milovanovi\u0107<\/p><p>Music: Petra Perovi\u0107<\/p><p>Producer: Marija Simi\u0107<\/p>\t\t\t\t\t\t\t\t<\/div>\n\t\t\t\t<div class=\"elementor-element elementor-element-77cd492 elementor-widget elementor-widget-text-editor\" data-id=\"77cd492\" data-element_type=\"widget\" data-widget_type=\"text-editor.default\">\n\t\t\t\t\t\t\t\t\t<p>2016<\/p><p>&#8220;Four Songs for Tadjo&#8221;<\/p><p>Teodora Suji\u0107<\/p><p>National Theatre in Belgrade\/XX festival of choreographic miniatures<\/p><p>Choreography: Aleksandar Ili\u0107<\/p><p>Stage design: Dunja Kosti\u0107<\/p><p>Music: Vasilije \u0110okovi\u0107<\/p>\t\t\t\t\t\t\t\t<\/div>\n\t\t\t\t<div class=\"elementor-element elementor-element-9d85524 elementor-widget elementor-widget-text-editor\" data-id=\"9d85524\" data-element_type=\"widget\" data-widget_type=\"text-editor.default\">\n\t\t\t\t\t\t\t\t\t<p>2015<\/p><p>&#8220;Sonnet Wreath&#8221;<\/p><p>France Pre\u0161ern<\/p><p>Madlenianum\/Balkan Dance Project vol.2<\/p><p>Choreography: Aleksandar Ili\u0107<\/p><p>Stage: Dunja Kosti\u0107<\/p><p>\u00a0<\/p><p>&#8220;Reminiscence&#8221;<\/p><p>House of culture Velenje\/Balkan Dance Project vol.1<\/p><p>Choreography: Aleksandar Ili\u0107<\/p><p>Stage: Dunja Kosti\u0107<\/p><p>Music: Vasilije \u0110oki\u0107<\/p>\t\t\t\t\t\t\t\t<\/div>\n\t\t\t\t<div class=\"elementor-element elementor-element-e4ab411 elementor-widget elementor-widget-text-editor\" data-id=\"e4ab411\" data-element_type=\"widget\" data-widget_type=\"text-editor.default\">\n\t\t\t\t\t\t\t\t\t<p>Assistant stage designer:<\/p><p><br><\/p>\n<p>2021&nbsp;<\/p>\n<p>&#8220;<span style=\"font-style: inherit; font-weight: inherit;\">Nora: A Doll&#8217;s House&#8221;<\/span><\/p>\n<p>Henrik Ibsen<\/p>\n<p>National Theatre in Belgrade<\/p>\n<p>Director: Tatjana Mandi\u0107 Rigonat<\/p>\n<p><\/p>\n<p>&#8220;The Vast Domain&#8221;<\/p>\n<p>Arthur Schnitzler<\/p>\n<p>The Yugoslav Drama Theatre<\/p>\n<p>Director: Marko Manojlovi\u0107<\/p>\t\t\t\t\t\t\t\t<\/div>\n\t\t\t\t<div class=\"elementor-element elementor-element-3c12eb9 elementor-widget elementor-widget-text-editor\" data-id=\"3c12eb9\" data-element_type=\"widget\" data-widget_type=\"text-editor.default\">\n\t\t\t\t\t\t\t\t\t<p>2018<\/p><p>&#8220;Balkan Spy&#8221;<\/p><p>Du\u0161an Kova\u010devi\u0107<\/p><p>National Theatre in Belgrade<\/p><p>Director: Tatjana Mandi\u0107 Rigonat<\/p><p>&#8220;The House of Bernarda Alba&#8221;<\/p><p>Frederico Garcia Lorca<\/p><p>National Theatre in Belgrade<\/p><p>Director: Ana Grigorovi\u0107<\/p><p>2017<\/p><p>&#8220;Kingdom of Heaven &#8211; Epica Balkanica&#8221;<\/p><p>National Theatre in Belgrade \/ Bitef Theatre<\/p><p>Director: Jernej Lorenci<\/p><p>&#8220;The Power of Darkness&#8221;<\/p><p>Lev Nikolayevich Tolstoy<\/p><p>National Theatre in Belgrade<\/p><p>Director: Igor Vuk Torbica<\/p><p>2016<\/p><p>&#8220;Electra&#8221;<\/p><p>Danilo Ki\u0161<\/p><p>National Theatre in Belgrade<\/p><p>Director: Iva Milo\u0161evi\u0107<\/p><p>&#8220;Ivanov&#8221;<\/p><p>A.P.Chekov<\/p><p>National Theatre in Belgrade<\/p><p>Director: Tatjana Mandi\u0107 Rigonat<\/p><p>&#8220;L&#8217;Italiana in Algeri&#8221;<\/p><p>Gioachino Rossini<\/p><p>National Theatre in Belgrade<\/p><p>Director: Ursula Horner<\/p><p>Revival director: Ana Grigorovi\u0107<\/p>\t\t\t\t\t\t\t\t<\/div>\n\t\t\t\t\t<\/div>\n\t\t\t\t<\/div>\n\t\t<div class=\"elementor-element elementor-element-fb30490 e-flex e-con-boxed e-con e-parent\" data-id=\"fb30490\" data-element_type=\"container\">\n\t\t\t\t\t<div class=\"e-con-inner\">\n\t\t\t\t\t<\/div>\n\t\t\t\t<\/div>\n\t\t<div class=\"elementor-element elementor-element-c2e0a2a e-flex e-con-boxed e-con e-parent\" data-id=\"c2e0a2a\" data-element_type=\"container\">\n\t\t\t\t\t<div class=\"e-con-inner\">\n\t\t\t\t\t<\/div>\n\t\t\t\t<\/div>\n\t\t\t\t<\/div>\n\t\t","protected":false},"excerpt":{"rendered":"<p>DUNJA KOSTI\u0106 HOME WORK CONTACT Dunja Kosti\u0107 is a scenographer based in Belgrade. She holds both Bachelor\u2019s and Master\u2019s degrees [&hellip;]<\/p>\n","protected":false},"author":1,"featured_media":0,"parent":0,"menu_order":0,"comment_status":"closed","ping_status":"closed","template":"","meta":{"site-sidebar-layout":"no-sidebar","site-content-layout":"","ast-site-content-layout":"full-width-container","site-content-style":"default","site-sidebar-style":"default","ast-global-header-display":"disabled","ast-banner-title-visibility":"disabled","ast-main-header-display":"","ast-hfb-above-header-display":"","ast-hfb-below-header-display":"","ast-hfb-mobile-header-display":"","site-post-title":"disabled","ast-breadcrumbs-content":"","ast-featured-img":"disabled","footer-sml-layout":"disabled","ast-disable-related-posts":"","theme-transparent-header-meta":"","adv-header-id-meta":"","stick-header-meta":"","header-above-stick-meta":"","header-main-stick-meta":"","header-below-stick-meta":"","astra-migrate-meta-layouts":"default","ast-page-background-enabled":"default","ast-page-background-meta":{"desktop":{"background-color":"var(--ast-global-color-5)","background-image":"","background-repeat":"repeat","background-position":"center center","background-size":"auto","background-attachment":"scroll","background-type":"","background-media":"","overlay-type":"","overlay-color":"","overlay-opacity":"","overlay-gradient":""},"tablet":{"background-color":"","background-image":"","background-repeat":"repeat","background-position":"center center","background-size":"auto","background-attachment":"scroll","background-type":"","background-media":"","overlay-type":"","overlay-color":"","overlay-opacity":"","overlay-gradient":""},"mobile":{"background-color":"","background-image":"","background-repeat":"repeat","background-position":"center center","background-size":"auto","background-attachment":"scroll","background-type":"","background-media":"","overlay-type":"","overlay-color":"","overlay-opacity":"","overlay-gradient":""}},"ast-content-background-meta":{"desktop":{"background-color":"var(--ast-global-color-4)","background-image":"","background-repeat":"repeat","background-position":"center center","background-size":"auto","background-attachment":"scroll","background-type":"","background-media":"","overlay-type":"","overlay-color":"","overlay-opacity":"","overlay-gradient":""},"tablet":{"background-color":"var(--ast-global-color-4)","background-image":"","background-repeat":"repeat","background-position":"center center","background-size":"auto","background-attachment":"scroll","background-type":"","background-media":"","overlay-type":"","overlay-color":"","overlay-opacity":"","overlay-gradient":""},"mobile":{"background-color":"var(--ast-global-color-4)","background-image":"","background-repeat":"repeat","background-position":"center center","background-size":"auto","background-attachment":"scroll","background-type":"","background-media":"","overlay-type":"","overlay-color":"","overlay-opacity":"","overlay-gradient":""}},"footnotes":""},"class_list":["post-443","page","type-page","status-publish","hentry"],"_links":{"self":[{"href":"https:\/\/dunjakostic.com\/index.php\/wp-json\/wp\/v2\/pages\/443","targetHints":{"allow":["GET"]}}],"collection":[{"href":"https:\/\/dunjakostic.com\/index.php\/wp-json\/wp\/v2\/pages"}],"about":[{"href":"https:\/\/dunjakostic.com\/index.php\/wp-json\/wp\/v2\/types\/page"}],"author":[{"embeddable":true,"href":"https:\/\/dunjakostic.com\/index.php\/wp-json\/wp\/v2\/users\/1"}],"replies":[{"embeddable":true,"href":"https:\/\/dunjakostic.com\/index.php\/wp-json\/wp\/v2\/comments?post=443"}],"version-history":[{"count":64,"href":"https:\/\/dunjakostic.com\/index.php\/wp-json\/wp\/v2\/pages\/443\/revisions"}],"predecessor-version":[{"id":552,"href":"https:\/\/dunjakostic.com\/index.php\/wp-json\/wp\/v2\/pages\/443\/revisions\/552"}],"wp:attachment":[{"href":"https:\/\/dunjakostic.com\/index.php\/wp-json\/wp\/v2\/media?parent=443"}],"curies":[{"name":"wp","href":"https:\/\/api.w.org\/{rel}","templated":true}]}}